- 141. Calculate d(h).
4
Let n(h) be the third derivative of 11*h**4/24 + h**3/6 - 277*h**2. Determine n(1).
12
Let b(r) be the first derivative of -5*r**2 + 193. Give b(-1).
10
Let y(z) = z**3 + 17*z**2 + 16*z + 5. Let o be y(-16). Suppose -2*m - 6*x - o = -3*x, 4*m + x = -35. Let j be m/4*6/(-5). Let k(d) = -d. Calculate k(j).
-3
Let z(k) be the third derivative of k**4/4 - k**3/2 + 11*k**2. Let h(u) = u. Let c(s) = 3*h(s) - z(s). Let b(f) = f**2 - 13*f + 15. Let i be b(12). Give c(i).
-6
Let t(a) = -3*a + 4 + 0*a + 7*a**2 + 5*a**2 - 6*a**2 - 7*a**2. Give t(1).
0
Let u be (-6)/(-1) + (-2)/(-2). Let v be (u - 4)/(6/4). Let g(t) = v*t**2 + 2*t**2 - 4*t - 5*t**2 - 3*t - 6. What is g(-4)?
6
Let t(z) be the second derivative of 4*z**3 + 3*z**2/2 - 92*z + 1. Determine t(-2).
-45
Let i(o) = o**3 + 3*o**2 - 2*o - 7. Suppose 45*d - 41*d = -16. Give i(d).
-15
Let y be 3/15 - (-28)/10. Suppose q = y*q. Let r(p) = q - 6 + 3 + p - 12. Determine r(7).
-8
Let b(y) = 4*y - 8. Suppose 5*x + d - 3 + 0 = 0, -9 = 4*x - 3*d. Calculate b(x).
-8
Let x(o) = 21*o - 7. Let m(y) = -7*y + 2. Let a(u) = 7*m(u) + 2*x(u). Let q(k) = 209*k. Let s(z) = 121*a(z) + 4*q(z). Calculate s(1).
-11
Let b(z) be the second derivative of -z**5/20 - 7*z**4/12 - 4*z**3/3 - 2*z**2 + 5*z. Suppose 18*m - 18 = 21*m. Give b(m).
8
Suppose -71 = -5*w - 4*m, 5*m + 30 = 3*w - 20. Suppose -3*a - w = 0, -2*r + 7*a + 3 = 4*a. Let g(p) = 2*p + 4. Give g(r).
-8
Let l(y) = -4*y**3 + 7*y**2 + 3*y - 5. Let r(g) = 12*g**3 - 20*g**2 - 8*g + 14. Let u(d) = -11*l(d) - 4*r(d). Give u(2).
-23
Suppose 2*f = 3*o - 1, 3*f - 2*f - 3*o + 5 = 0. Let x(i) = -i**3 + 4*i**2 - i - 1. Calculate x(f).
-5
Let h(f) = f - 1. Let x(r) = 1. Let o(z) = -z + 9. Let c(l) = o(l) + 3*x(l). Let u(s) = c(s) + 5*h(s). Give u(-5).
-13
Let u be 2 + 9/(-12)*-4. Suppose u = -3*n + z + 1, 4 = z. Suppose -2*o + 2*w - 12 = 0, 4*o + 3*w + n*w = -24. Let j(d) = -d**2 - 3*d + 4. Calculate j(o).
-14
Let r(i) = -i**2 - 2*i + 4. Suppose -4*q + 12 = 4. Let d(f) = -f**2 - f + 5. Let w(c) = q*d(c) - 3*r(c). Let k be 3 + (-49 - -35) + 6 + 0. Calculate w(k).
3
Let u(s) = -365*s**2 + 16 - s + 0*s + 734*s**2 - 368*s**2. Calculate u(0).
16
Let n(d) = 5*d - 11. Let k be n(6). Suppose 2*z + 2*t + 24 = 0, 3*z + 21 + k = -4*t. Let w be (-4)/z*(-36)/(-3). Let a(c) = c - 6. What is a(w)?
0
Let y = 8 - 3. Suppose -1 - 4 = -y*n. Let h be (5/15)/(n/(-3)). Let f(q) = 9*q. Calculate f(h).
-9
Let u(f) = f**2 - 5*f + 4. Let c be -3 + 0 - (-8 - -56). Let k = c - -54. What is u(k)?
-2
Let v(n) be the second derivative of -7*n**3/6 + 2*n**2 - 504*n. What is v(5)?
-31
Let o(c) = -3 - 28*c + 54*c - 25*c. Let s be 11/2 + 6/12. Calculate o(s).
3
Let q = -299 + 311. Let n(v) = -v**3 + 11*v**2 + 11*v + 5. Determine n(q).
-7
Let u(n) = -5 + n**2 + 18 - 2*n**2 + n. Suppose -2 = -40*z + 39*z. Suppose z*l = -3*l - g - 4, 3*g = 2*l - 12. Give u(l).
13
Let t(b) be the second derivative of b**5/20 - b**4/2 - 5*b**3/6 - 5*b**2 - b + 172. Suppose 0 = 2*d + 4, -5*p - d + 41 - 8 = 0. Determine t(p).
4
Let v(i) be the third derivative of -i**5/60 - 7*i**4/24 - i**3 + 15*i**2. Let a be v(-7). Let x(c) = -c**3 - 5*c**2 + 5*c - 2. Give x(a).
4
Suppose -3*m + 61 = 5*p, -p - 4*m + 10 + 9 = 0. Let g(x) = -x**2 + 9*x + 27. Let b be g(p). Let a(j) = -j**3 + 6*j**2 - 6*j - 5. Give a(b).
-10
Let x(w) = -w**3 - 2. Let n(k) = -9*k**3 - 8*k**2 + 6*k - 13. Let a(c) = -n(c) + 10*x(c). What is a(7)?
0
Suppose 3 = 3*o - y - 5, -2 = 3*o + 4*y. Let q(j) = 1 - j**3 - 30*j**2 + 17*j**o + 14*j**2. Give q(2).
-3
Suppose -4*m + 56 = 3*m. Let a(h) = -3*h + 6. Let g(o) = -13*o + 24. Let b(i) = 18*a(i) - 4*g(i). What is b(m)?
-4
Let s(z) = -z**2 - 4*z - 3. Suppose -i - 20 = 3*i. Let c be ((-6)/15)/((-6)/i - 1). Determine s(c).
1
Let t(j) = j + 10. Suppose 0 = -2*g + 6, -2*p - g = -0*p - 7. Suppose -6 = -a - p*a. Suppose -7*v + 20 = -3*v + 4*z, 4*z = a*v + 20. Give t(v).
10
Let c(y) = -5*y + 6. Let s(d) = 4*d - 5. Let v(j) = -5*c(j) - 6*s(j). Suppose -27 = 2*h + 5*q + 12, 5*q = -25. Determine v(h).
-7
Let x(o) = -202*o**2 + 21 + 12*o**2 - 14 + 48. Let j(d) = d**2 - 2*d - 1. Let a be j(-1). Let f(r) = -7*r**2 + 2. Let q(i) = a*x(i) - 55*f(i). Determine q(1).
5
Let k(y) = -2*y**2 + y. Let n(h) = 5*h**2 + 1. Let p(v) = -2*k(v) - n(v). Give p(4).
-25
Let x(h) = 1. Let k(w) = 6*w + 6. Let i(d) = k(d) - 24*x(d). Let s be i(4). Let o(g) = g**2 - 8*g + 6. What is o(s)?
-6
Let z(r) = 3*r - 33. Suppose 42 = 4*i + y, 4*i + 3*y - 8 = 38. Give z(i).
-3
Let w(t) = 4*t - 66. Let q be w(18). Let a(l) = -l**3 + 6*l**2 + 3*l - 7. Calculate a(q).
11
Let l be (-153)/(-12) - (-3)/12. Let x = -10 + l. Let p(t) = -1 + 5 + 1 - 4 + t. Determine p(x).
4
Let z(l) = -4*l + 3. Let g(s) = -3 + 12 - 2 - 9*s. Let k(b) = 3*g(b) - 7*z(b). Calculate k(4).
4
Suppose -6*w = -w - 20. Let o(k) = 3 - 5 + w - k + 2. What is o(0)?
4
Let o(s) be the first derivative of s**3/3 + 7*s**2/2 + 2*s - 70. Calculate o(-6).
-4
Let i(t) = -17*t**3 - 12*t**2 - 5. Let y(k) = -17*k**3 - 15*k**2 - 6. Let u(x) = 5*i(x) - 4*y(x). What is u(1)?
-18
Let s(w) = -42*w**3 + 111*w**3 - 43*w**3 - 5*w**2 - 27*w**3 - 1. Let a be (1 + 1)*2 - -2. Let d = a + -11. Calculate s(d).
-1
Let t(n) = -n + 29. Suppose s - 130 = -5*u, 3*s - 12 - 78 = -3*u. What is t(u)?
4
Let x(r) be the second derivative of r**5/20 - r**4/4 - 5*r**3/3 - r**2/2 + 2*r + 624. Determine x(5).
-1
Let n(o) = -4*o - 1. Suppose -h + 22 = -5*u - 2*h, 2*u - 5*h + 25 = 0. Let b(x) = -8 - 4*x - 2*x + 4*x + 0*x. Let f be b(u). Calculate n(f).
-9
Suppose 14*n = 18*n - 96. Suppose 2*t = -0*t + 2*l + n, 0 = -t + 5*l - 8. Suppose 3*x - 1 = t. Let k(r) = -r**3 + 7*r**2 - 8*r + 7. What is k(x)?
-5
Let a(c) = -c**3 + 6*c**2 + c - 4. Let u(s) = -10 - s**3 + 6*s**2 + 5 + 1 + s. Let r(y) = 4*a(y) - 5*u(y). What is r(3)?
-26
Let q(g) = g**3 + 3*g**2 - 7*g - 5. Suppose -6*a - 40 = -a. Let n(p) = -p**2 - 9*p - 5. Let h be n(a). Suppose 2*k + h*k + 20 = 0. Determine q(k).
7
Let i be ((-24)/(-20))/((-6)/(-15)). Let p(b) = -i + 7 + 0 + 3*b + 3. Let j = -14 - -9. What is p(j)?
-8
Suppose -q + 10 = -3*g, 2*q + 3*g + 1 = 2*g. Let c = 4 - q. Let t(u) = 0*u - 4*u**c - 5 + 2*u**3 + u**3 + 6*u + 3*u**2. Give t(4).
3
Let o(k) = k**2 - k - 9. Let i be o(3). Let t(l) = -l**3 + 2*l. Let d be t(-2). Let n(h) = -2 - 5*h + 10*h - d*h. Calculate n(i).
-5
Let x(l) = l**2 - 6*l + 11. Let v(c) = -52*c + 475. Let i be v(9). Calculate x(i).
18
Suppose 0 = 2*t + t. Let d(b) be the second derivative of -b**7/2520 + b**6/720 + b**5/60 - b**4/4 - 2*b. Let g(q) be the third derivative of d(q). Give g(t).
2
Let d(k) = 121*k + 4. Let w(i) = -59*i - 2. Let s(x) = -2*d(x) - 5*w(x). What is s(1)?
55
Let a(p) be the second derivative of 5/6*p**3 + 0 + 0*p**2 - p. Let z(h) = h**2 - 7*h + 7. Let w be z(6). Determine a(w).
5
Let q(w) = -7*w - 6*w - 7 - 399*w**2 + 39 + 400*w**2 - 5*w. Determine q(16).
0
Let v(a) = -5*a**2 - 3*a - 16. Let n(k) = -k**2 + k. Let p(d) = 6*n(d) - v(d). What is p(10)?
6
Let d(j) = j + 13. Let m(z) = -z. Let a be m(5). Let v be d(a). Let r(l) = -l + 11. Calculate r(v).
3
Let r = -223 + 219. Let z(b) = -7*b**2 - 12*b + 10. Let h(s) = 3*s**2 + 6*s - 5. Let l(g) = 5*h(g) + 2*z(g). Determine l(r).
-13
Let c(z) = 4*z**3 + 18*z**2 + 31*z. Let h(a) = -4 + 0 - 4*a + a. Let o be h(-2). Let r(q) = q**3 + 6*q**2 + 10*q. Let p(g) = o*c(g) - 7*r(g). Give p(7).
-7
Suppose 2*u + 480 = 14*u. Let v(q) = q**2 + 2*q + 1. Let j be v(-1). Let d(l) = 46 + j*l**2 + l**3 - u - 5*l**2. Calculate d(5).
6
Let c(z) be the first derivative of -z**3/3 + 2*z**2 - 96. Calculate c(3).
3
Let b(z) = 3*z**3 - 2*z**2 - 2*z + 2. Let y(k) = 2*k**3 - k**2 - 2*k + 2. Let u = -10 - -7. Let j(l) = u*b(l) + 4*y(l). Determine j(2).
-2
Let a = 78 - 40. Let f(q) = 43*q + a*q - 3 - 78*q. Determine f(-5).
-18
Let s(p) = 2*p - 8. Suppose 5*i = 8*i - 15. Suppose 2*v = -i*b + 12, -2*v - 2*b = -v - 6. Calculate s(v).
4
Let z(l) be the second derivative of -18*l + 7/6*l**3 + 0*l**2 + 0. Determine z(1).
7
Suppose 0*z + 2*z = 4*f - 12, 4*f = 20. Let s(w) = 3*w + 3. Let i be s(z). Let g(y) = 14*y**2 + 11 + i*y**2 - 30*y**2. Give g(0).
11
Suppose -4*m - 7 = -2*u - 29, 3*u = -3. Let v(h) = 15*h**2 - 2*h - 8*h**2 - 6*h**2. Determine v(m).
15
Let w(j) = -3*j**3 + 5*j**2 + 9*j - 5. Let s(q) = -q**3 + 